-4 - g. Let n = 36 + -25. Calculate the highest common divisor of n and u.
11
Let y be 0/(-2) - 658/(-47). Let b(m) = 2*m**2 - 8*m + 4. Let j be b(6). What is the greatest common factor of j and y?
14
Suppose 20 = -o - 3*o. Let l be (44/o)/((-8)/60). Suppose 4*d - l = 162. Calculate the greatest common factor of 19 and d.
19
Suppose 1360 = 15*p - 1400. What is the greatest common factor of 161 and p?
23
Let t(k) = -k**2 - 9*k - 17. Let x(b) = b**3 - 9*b**2 + 9*b - 13. Let n be x(8). Let v be t(n). Calculate the greatest common factor of v and 6.
3
Let t = -62 + 64. Let o be 16 + t + -2 + 15 + -13. Let x(z) = 4*z**2 + 2*z. Let g be x(-2). What is the highest common factor of o and g?
6
Suppose 0 = -5*g + 4*m + 109, 5*g - 120 + 17 = -2*m. Let a(h) = h + 68. Let y be a(121). Calculate the greatest common factor of g and y.
21
Suppose -50 = -3*p - 2*p. Let m(q) = -q**2 - q + 20. Let s be m(0). Calculate the highest common factor of p and s.
10
Let n(a) = -2*a**3 + 23*a**2 - 6*a - 17. Suppose 9*i = 10*i - 11. Let s be n(i). Calculate the highest common factor of 76 and s.
38
Let h = 735 - 217. What is the greatest common divisor of 112 and h?
14
Suppose -149 = -2*f - 0*f - 5*c, -5 = -5*c. Calculate the greatest common divisor of 180 and f.
36
Let f = 1108 + -1042. Calculate the greatest common factor of f and 462.
66
Let d = 41 - -4. Suppose 3*k + 3*q = 2*q + 7, -4*k + 4 = -4*q. Suppose 3*w - 5*r = -k*w + 20, -r = -5. Calculate the highest common divisor of d and w.
9
Let t be 12/(6 - (-2 + 6)). Let n be ((-40)/t)/(6/(-18)). What is the highest common divisor of 60 and n?
20
Let x(b) = 2*b + 2. Let q be x(1). Suppose 0 = -r - q*t - 10, 0 = 6*r - 3*r - t + 17. Let m be 450/r*(-2)/6. What is the greatest common factor of 50 and m?
25
Suppose -c - 2 + 5 = 2*h, 2*h = -6. Suppose -2*y - 3 = -c. Suppose 0*f + 36 = 6*f. What is the greatest common divisor of y and f?
3
Suppose -4*a + 37 = -7. Let f(n) = n - 5. Let d be f(7). Suppose -d*p = -2*o + 12, 3*p = 2*p + 5. What is the greatest common divisor of a and o?
11
Let h be 540/63 - 30/(-70). What is the greatest common divisor of h and 273?
3
Let j(m) = 2*m**2 + 6*m + 8. Let z be j(-8). Let b(f) = -2*f - 11. Let h = -29 - -18. Let o be b(h). What is the greatest common divisor of z and o?
11
Let f = -510 - -877. Let a = -3 - -5. Suppose -2*g = -t - 4*t + f, 3*t = a*g + 217. Calculate the greatest common factor of t and 15.
15
Suppose 0 = 5*u - 6*u - 24. Let o be (2/1)/(u/(-312)). What is the highest common divisor of 65 and o?
13
Let i = -4401 + 4407. Let y = 29 - -19. Calculate the greatest common divisor of y and i.
6
Let n = 26 + -15. Let r(f) = 11*f - 6. Let z be r(20). Suppose 0 = -3*l + z + 50. Calculate the highest common divisor of l and n.
11
Let f(r) = r**3 - r**2 - 2*r + 56. Let z be f(0). What is the highest common factor of 63 and z?
7
Let v(u) = 9*u - 531. Let c be v(62). Calculate the highest common factor of 189 and c.
27
Let h be 30/8 + 2/8. Suppose 3*n + 2*x = n + 34, h*n = 4*x + 92. Suppose -11*z - 49 = -379. Calculate the greatest common factor of z and n.
10
Let w be -3 - 1/2*6. Let a(c) = -3*c - 3. Let b be a(w). What is the greatest common factor of b and 3?
3
Let r(c) = 12*c + 1. Let g be r(1). Suppose -5*o + 20 = 0, -6*o + o - 396 = -4*m. What is the greatest common divisor of g and m?
13
Let b be (11 - (-1)/(-1)) + -1. Suppose 25 = -141*i + 448. Calculate the highest common factor of b and i.
3
Suppose -3*b = -2*z + 114 - 36, 3*b + 6 = 0. Suppose -5*n = 5*a - 910, -224*n - 2*a = -228*n + 716. What is the highest common divisor of z and n?
36
Let s = -3 - 3. Let t be (-17)/3*(0 + s). Calculate the greatest common divisor of 17 and t.
17
Let h = -10 - -21. Suppose -h*w = -9*w - 130. Calculate the highest common divisor of w and 26.
13
Suppose -3*b + 6*b = 0. Let s = b - -3. Suppose 5*l + 359 = 2*r, -25 - 536 = -3*r + s*l. Calculate the highest common divisor of 24 and r.
24
Suppose -5*y = -5, 4*f + 5*y = 5*f - 116. Suppose 0*s + 5*s = -4*q + 450, q - 3*s - f = 0. Calculate the greatest common factor of q and 46.
23
Let a = -60 + 62. Suppose -t - a*t = -60. Calculate the highest common factor of 160 and t.
20
Let n(h) = 3*h**2 + 3*h + 1. Let y be n(-2). Let c = 8 - 5. Let z = y + c. Calculate the greatest common divisor of 90 and z.
10
Let q be ((-2)/(-7))/(4/28). Suppose q*j + 144 = 4*j. Let s be ((-8)/(-32))/(2/j). What is the highest common divisor of 27 and s?
9
Suppose 4 - 29 = -t. Let y be (((-84)/(-8))/(-7))/(3/(-20)). What is the highest common divisor of t and y?
5
Let b(t) be the first derivative of -t**2/2 + 34*t + 2. Let g be b(13). Calculate the greatest common divisor of g and 105.
21
Let f be 1 + -1 - (-2)/(-4)*-6. Suppose -p + 3*m = f*p - 28, 5*m + 4 = -4*p. Calculate the highest common divisor of 36 and p.
4
Suppose 4*z + 11 = 5*q + 2*z, 3*z - 6 = 0. Suppose 0 = q*h + 2*t - 32, -3*h + 3*t + 26 = -t. What is the highest common factor of h and 40?
10
Suppose -3*i + 50 = 2*i. Let g be ((-30)/40)/(6/(-16)). Suppose -2 = -2*o + 2*p, 3*o + 0*o = -g*p + 18. Calculate the greatest common factor of o and i.
2
Suppose -4*f - 2385 = -19*f. Calculate the highest common divisor of 3 and f.
3
Let m be -3*(-1 + 8/12). Let o be 1 + (-1)/m + 8. Let v be (4/10)/((-4)/(-400)). What is the highest common factor of o and v?
8
Let g be 6/1*(-2)/(-4). Suppose -2*k + g*q + 25 = 0, 0 = 2*k + 3*k + 4*q - 51. Suppose k*z - 8*z - 216 = 0. What is the greatest common factor of 9 and z?
9
Let i(h) = 37*h**2 - 18*h**2 - 20*h**2 - 20 + 16*h. Let f be i(14). Calculate the highest common divisor of f and 32.
8
Suppose -m + 110 = 2*z, -368 = -4*m - 2*z + 78. What is the greatest common factor of 98 and m?
14
Let n = 42 + 83. Let g = 692 - 667. What is the highest common factor of g and n?
25
Suppose 0 = 13*i - 7*i - 360. What is the highest common factor of 510 and i?
30
Let p(k) be the second derivative of 3*k**3/2 - 27*k**2/2 - 16*k. Let l be p(5). What is the highest common factor of l and 126?
18
Let p(t) = 9*t**3 + t**2 + t - 1. Let r be p(1). Let u be 6 + (-1 - (-1 + 1)). Calculate the greatest common divisor of u and r.
5
Let x be (45/6 - 5)*14*2. What is the highest common factor of x and 280?
70
Let c be 32 + (1 - -1 - 6). Let z be (-1872)/(-42) - (-12)/c. Let k(a) = -a + 3. Let f be k(-6). What is the highest common divisor of f and z?
9
Let x = -487 - -505. Calculate the greatest common divisor of 234 and x.
18
Let l be (-4 + 11)/(5/65). What is the greatest common divisor of l and 7?
7
Let g(r) = -2*r**2 + 10*r + 105. Let k be g(10). What is the highest common factor of k and 80?
5
Suppose -2*o = -6*o + j + 400, -3*j = 0. What is the highest common factor of 25 and o?
25
Let r be 12*((-10)/8 + 2). Let p(k) = -21*k - 162. Let v be p(-9). Calculate the highest common factor of r and v.
9
Suppose 0 = -12*q + 2534 - 518. What is the greatest common divisor of 112 and q?
56
Let o be -4 - (9 + -2 + -27). Let z(k) = k**3 + 9*k**2 + 5*k + 2. Suppose r + 8 = 2. Let h be z(r). What is the highest common divisor of o and h?
16
Let n be (-16)/120 + 47/15. Suppose 0 = -3*g + 4*p - 18 - 19, n*g + 5*p + 1 = 0. Let x be 84/18*(-36)/g. Calculate the greatest common divisor of x and 6.
6
Let b be (11 + -1)*(44 + -37). What is the highest common factor of b and 20?
10
Suppose 47 = -2*w - 7. Let y = -26 - w. Calculate the highest common divisor of y and 4.
1
Let n(p) = -2*p**3 + p**2 - 5*p + 12. Let l be n(0). Suppose o = 5*r + 5 + 22, -r + 33 = 3*o. What is the greatest common divisor of o and l?
12
Let q = -337 + 1303. Calculate the greatest common factor of 42 and q.
42
Let k be (-12)/(-5) - 2/5. Suppose -14 = -k*v + 3*c + 4, 0 = -4*v + 2*c + 28. Calculate the greatest common factor of v and 6.
6
Suppose -2*z + 2*g + 2 = 0, 0 = 3*z - 0*z + 4*g - 38. Let d be 73/5 + 14/35. Let h be 18/(0 + d/10). What is the greatest common divisor of z and h?
6
Suppose -65*m + 389 + 586 = 0. Calculate the highest common factor of m and 705.
15
Let c = 209 - 65. Calculate the greatest common factor of c and 360.
72
Let q be (-6)/(30/95)*-6 - -2. What is the highest common factor of q and 4?
4
Let k be ((-1)/1)/((-4)/(-32)*-2). Suppose 5*g - 48 = 2*g. Suppose -4*t + 5*t = g. What is the highest common divisor of t and